{"id":3549,"date":"2012-08-14T15:22:18","date_gmt":"2012-08-14T15:22:18","guid":{"rendered":"http:\/\/www.scherma.torino.it\/?page_id=3549"},"modified":"2020-09-02T14:39:55","modified_gmt":"2020-09-02T13:39:55","slug":"dove-siamo","status":"publish","type":"page","link":"https:\/\/www.scherma.torino.it\/?page_id=3549","title":{"rendered":"Le nostre Sedi"},"content":{"rendered":"<p style=\"text-align: left;\" align=\"center\">SEDE CENTRALE \u00a0: <strong>Corso Taranto 160 &#8211; 10154 TORINO <\/strong>aperta tutti i giorni dal LU al VE dalle ore 17.00 alle 22.00<\/p>\n<p style=\"text-align: left;\">SEZIONE TORINO presso <strong>\u201cIstituto Sociale\u201d di C.so Siracusa 10 &#8211; TORINO<\/strong><strong>: <\/strong>\u00a0frequenza nei giorni di\u00a0Luned\u00ec e Mercoled\u00ec dalle ore 17,00 alle 19,00 e Marted\u00ec e Gioved\u00ec dalle ore 17,00 alle 18,30<\/p>\n<p style=\"text-align: left;\">SEZIONE SAN CARLO CANAVESE (TO) presso<strong> <strong>\u201cSecondaria di I\u00b0 grado&#8221; di Strada Vauda Canavese 15 &#8211; SAN CARLO C.SE (TO)<\/strong>: <\/strong>\u00a0frequenza nei giorni di Marted\u00ec e Venerd\u00ec dalle 17,30 alle 20,30<\/p>\n<p style=\"text-align: left;\">\n","protected":false},"excerpt":{"rendered":"<p>SEDE CENTRALE \u00a0: Corso Taranto 160 &#8211; 10154 TORINO aperta tutti i giorni dal LU al VE dalle ore 17.00 alle 22.00 SEZIONE TORINO presso \u201cIstituto Sociale\u201d di C.so Siracusa 10 &#8211; TORINO: \u00a0frequenza nei giorni di\u00a0Luned\u00ec e Mercoled\u00ec dalle ore 17,00 alle 19,00 e Marted\u00ec e Gioved\u00ec dalle ore 17,00 alle 18,30 SEZIONE SAN [&hellip;]<\/p>\n","protected":false},"author":2,"featured_media":0,"parent":836,"menu_order":10,"comment_status":"open","ping_status":"closed","template":"","meta":{"_mi_skip_tracking":false,"_monsterinsights_sitenote_active":false,"_monsterinsights_sitenote_note":"","_monsterinsights_sitenote_category":0},"_links":{"self":[{"href":"https:\/\/www.scherma.torino.it\/index.php?rest_route=\/wp\/v2\/pages\/3549"}],"collection":[{"href":"https:\/\/www.scherma.torino.it\/index.php?rest_route=\/wp\/v2\/pages"}],"about":[{"href":"https:\/\/www.scherma.torino.it\/index.php?rest_route=\/wp\/v2\/types\/page"}],"author":[{"embeddable":true,"href":"https:\/\/www.scherma.torino.it\/index.php?rest_route=\/wp\/v2\/users\/2"}],"replies":[{"embeddable":true,"href":"https:\/\/www.scherma.torino.it\/index.php?rest_route=%2Fwp%2Fv2%2Fcomments&post=3549"}],"version-history":[{"count":8,"href":"https:\/\/www.scherma.torino.it\/index.php?rest_route=\/wp\/v2\/pages\/3549\/revisions"}],"predecessor-version":[{"id":12876,"href":"https:\/\/www.scherma.torino.it\/index.php?rest_route=\/wp\/v2\/pages\/3549\/revisions\/12876"}],"up":[{"embeddable":true,"href":"https:\/\/www.scherma.torino.it\/index.php?rest_route=\/wp\/v2\/pages\/836"}],"wp:attachment":[{"href":"https:\/\/www.scherma.torino.it\/index.php?rest_route=%2Fwp%2Fv2%2Fmedia&parent=3549"}],"curies":[{"name":"wp","href":"https:\/\/api.w.org\/{rel}","templated":true}]}}